{"id":711,"date":"2022-11-10T10:36:42","date_gmt":"2022-11-10T09:36:42","guid":{"rendered":"https:\/\/universitysocialteaching.uniurb.it\/?page_id=711"},"modified":"2024-01-12T14:50:51","modified_gmt":"2024-01-12T13:50:51","slug":"cisdel","status":"publish","type":"page","link":"https:\/\/universitysocialteaching.uniurb.it\/index.php\/cisdel\/","title":{"rendered":"CISDEL"},"content":{"rendered":"\n<h2 class=\"wp-block-heading\">Centro Integrato Servizi Didattici e E-Learning<\/h2>\n\n\n\n<div class=\"wp-block-media-text is-stacked-on-mobile is-vertically-aligned-center\" style=\"grid-template-columns:18% auto\"><figure class=\"wp-block-media-text__media\"><img loading=\"lazy\" decoding=\"async\" width=\"1024\" height=\"501\" src=\"https:\/\/universitysocialteaching.uniurb.it\/wp-content\/uploads\/2021\/02\/logo-CISDEL-1024x501.png\" alt=\"\" class=\"wp-image-492 size-full\" srcset=\"https:\/\/universitysocialteaching.uniurb.it\/wp-content\/uploads\/2021\/02\/logo-CISDEL-1024x501.png 1024w, https:\/\/universitysocialteaching.uniurb.it\/wp-content\/uploads\/2021\/02\/logo-CISDEL-300x147.png 300w, https:\/\/universitysocialteaching.uniurb.it\/wp-content\/uploads\/2021\/02\/logo-CISDEL-768x376.png 768w, https:\/\/universitysocialteaching.uniurb.it\/wp-content\/uploads\/2021\/02\/logo-CISDEL-1536x752.png 1536w, https:\/\/universitysocialteaching.uniurb.it\/wp-content\/uploads\/2021\/02\/logo-CISDEL-2048x1003.png 2048w\" sizes=\"auto, (max-width: 1024px) 100vw, 1024px\" \/><\/figure><div class=\"wp-block-media-text__content\">\n<blockquote class=\"wp-block-quote is-layout-flow wp-block-quote-is-layout-flow\"><p>Il CISDEL \u00e8 una struttura centralizzata al servizio di docenti e studenti, un vero e proprio <em>Teaching &amp; Learning Center<\/em> istituito nel 2015 dall\u2019Universit\u00e0 di Urbino per promuovere la didattica universitaria sia in presenza sia a distanza, nonch\u00e9 le relative attivit\u00e0 progettuali e di ricerca finalizzate all\u2019innovazione didattica.<\/p><\/blockquote>\n<\/div><\/div>\n\n\n\n<h3 class=\"wp-block-heading\">Contatti<\/h3>\n\n\n\n<p>Sede: Palazzo Passionei Paciotti, via Lorenzo Valerio 9, 61029 Urbino PU<\/p>\n\n\n\n<p>Telefono: +39 0722 305678<\/p>\n\n\n\n<p>E-mail:&nbsp;<a href=\"mailto:cisdel@uniurb.it\">cisdel@uniurb.it<\/a><\/p>\n\n\n\n<hr class=\"wp-block-separator\"\/>\n\n\n\n<h3 class=\"wp-block-heading\"><a href=\"https:\/\/universitysocialteaching.uniurb.it\/wp-admin\/post.php?post=722&amp;action=edit\" data-type=\"URL\" data-id=\"https:\/\/universitysocialteaching.uniurb.it\/wp-admin\/post.php?post=722&amp;action=edit\">Offerta Formativa a.a. 2023\/202<\/a>4<\/h3>\n\n\n\n<div class=\"wp-block-columns is-layout-flex wp-container-core-columns-is-layout-1 wp-block-columns-is-layout-flex\">\n<div class=\"wp-block-column is-layout-flow wp-block-column-is-layout-flow\" style=\"flex-basis:100%\"><a href=\"https:\/\/universitysocialteaching.uniurb.it\/wp-content\/uploads\/2024\/01\/OffertaformativaCISDEL20232024_Isemestre.docx1_.pdf\" class=\"pdfemb-viewer\" style=\"width:800px;\" data-width=\"800\" data-height=\"max\" data-toolbar=\"both\" data-toolbar-fixed=\"on\">OffertaformativaCISDEL20232024_Isemestre.docx1_<\/a>\n<p class=\"wp-block-pdfemb-pdf-embedder-viewer\"><\/p>\n<\/div>\n<\/div>\n\n\n\n<figure class=\"wp-block-image size-large\"><img decoding=\"async\" src=\"https:\/\/www.uniurb.it\/ateneo\/persone-e-strutture\/strutture-di-servizio\/centro-integrato-servizi-didattici-edlearning\" alt=\"\"\/><\/figure>\n\n\n\n<hr class=\"wp-block-separator\"\/>\n\n\n\n<h3 class=\"wp-block-heading\">Servizi erogati:<\/h3>\n\n\n\n<h4 class=\"wp-block-heading\">Servizi generali per la didattica<\/h4>\n\n\n\n<ul class=\"wp-block-list\"><li>Seminari di didattica universitaria (modalit\u00e0 di insegnamento) per neo docenti.<\/li><li>Corsi di didattica metacognitiva (strategie di apprendimento e abilit\u00e0 di studio) per studenti.<\/li><li>Seminari di scrittura (redazione di articoli e tesi) e di ricerca bibliografica.<\/li><li>Laboratori interculturali per studenti in mobilit\u00e0.<\/li><li>Corsi di formazione per studenti tutor.<\/li><li>Gruppi di studio per approfondimenti\/recuperi disciplinari.<\/li><li>Verifica della preparazione iniziale per le aree umanistica e giuridico &#8211; economico &#8211; politico &#8211; sociale.<\/li><\/ul>\n\n\n\n<h4 class=\"wp-block-heading\">Servizi di consulenza per la didattica in lingua straniera (CLIL)<\/h4>\n\n\n\n<ul class=\"wp-block-list\"><li>Analisi metodologica\/linguistica per progettare percorsi in lingua straniera.<\/li><li>Didatticizzazione dei materiali da utilizzare in aula.<\/li><li>Identificazione di microlingua disciplinare e classroom management language.<\/li><li>Osservazione finalizzata al feedback linguistico e metodologico.<\/li><\/ul>\n\n\n\n<h4 class=\"wp-block-heading\">Servizi per il blended learning<\/h4>\n\n\n\n<ul class=\"wp-block-list\"><li>Supporto alla didattica blended per i docenti.<\/li><li>Supporto alla didattica blended per gli studenti.<\/li><li>Configurazione e gestione della piattaforma Moodle per la didattica blended.<\/li><li>Gestione delle attivit\u00e0 di tutoring.<\/li><\/ul>\n\n\n\n<h4 class=\"wp-block-heading\">Servizi per l&#8217;e-learning<\/h4>\n\n\n\n<ul class=\"wp-block-list\"><li>Configurazione della piattaforma Moodle per la didattica on-line.<\/li><li>Coordinamento delle attivit\u00e0 di tutoring e di gestione della piattaforma.<\/li><li>Formazione per il tutoring e la gestione della piattaforma.<\/li><\/ul>\n\n\n\n<h4 class=\"wp-block-heading\">Servizi per l&#8217;apprendimento permanente<\/h4>\n\n\n\n<ul class=\"wp-block-list\"><li>Configurazione delle piattaforme Moodle per la formazione permanente.<\/li><li>Coordinamento e formazione per le attivit\u00e0 sulla piattaforma.<\/li><li>Supporto a corsi post-laurea e di specializzazione.<\/li><li>Supporto a corsi per il personale dell&#8217;Ateneo (sicurezza sul lavoro, protezione dei dati, lingue straniere).<\/li><li>Supporto a corsi abilitanti, di formazione e di aggiornamento per insegnanti e dirigenti scolastici.<\/li><li>Supporto a corsi di formazione e di aggiornamento per professionisti ed enti pubblici e privati.<\/li><\/ul>\n","protected":false},"excerpt":{"rendered":"<p>Centro Integrato Servizi Didattici e E-Learning Il CISDEL \u00e8 una struttura centralizzata al servizio di docenti e studenti, un vero e proprio Teaching &amp; Learning Center istituito nel 2015 dall\u2019Universit\u00e0 di Urbino per promuovere la didattica universitaria sia in presenza sia a distanza, nonch\u00e9 le relative attivit\u00e0 progettuali e di ricerca finalizzate all\u2019innovazione didattica. Contatti&hellip;&nbsp;<a href=\"https:\/\/universitysocialteaching.uniurb.it\/index.php\/cisdel\/\" class=\"\" rel=\"bookmark\">Leggi tutto &raquo;<span class=\"screen-reader-text\">CISDEL<\/span><\/a><\/p>\n","protected":false},"author":1,"featured_media":0,"parent":0,"menu_order":0,"comment_status":"closed","ping_status":"closed","template":"","meta":{"neve_meta_sidebar":"full-width","neve_meta_container":"","neve_meta_enable_content_width":"on","neve_meta_content_width":100,"neve_meta_title_alignment":"","neve_meta_author_avatar":"","neve_post_elements_order":"","neve_meta_disable_header":"","neve_meta_disable_footer":"","neve_meta_disable_title":"","footnotes":""},"class_list":["post-711","page","type-page","status-publish","hentry"],"_links":{"self":[{"href":"https:\/\/universitysocialteaching.uniurb.it\/index.php\/wp-json\/wp\/v2\/pages\/711","targetHints":{"allow":["GET"]}}],"collection":[{"href":"https:\/\/universitysocialteaching.uniurb.it\/index.php\/wp-json\/wp\/v2\/pages"}],"about":[{"href":"https:\/\/universitysocialteaching.uniurb.it\/index.php\/wp-json\/wp\/v2\/types\/page"}],"author":[{"embeddable":true,"href":"https:\/\/universitysocialteaching.uniurb.it\/index.php\/wp-json\/wp\/v2\/users\/1"}],"replies":[{"embeddable":true,"href":"https:\/\/universitysocialteaching.uniurb.it\/index.php\/wp-json\/wp\/v2\/comments?post=711"}],"version-history":[{"count":13,"href":"https:\/\/universitysocialteaching.uniurb.it\/index.php\/wp-json\/wp\/v2\/pages\/711\/revisions"}],"predecessor-version":[{"id":761,"href":"https:\/\/universitysocialteaching.uniurb.it\/index.php\/wp-json\/wp\/v2\/pages\/711\/revisions\/761"}],"wp:attachment":[{"href":"https:\/\/universitysocialteaching.uniurb.it\/index.php\/wp-json\/wp\/v2\/media?parent=711"}],"curies":[{"name":"wp","href":"https:\/\/api.w.org\/{rel}","templated":true}]}}